t is the tens digit of 533?
3
What is the thousands digit of 10691?
0
What is the thousands digit of 8821?
8
What is the tens digit of 1194?
9
What is the thousands digit of 52732?
2
What is the hundreds digit of 7459?
4
What is the units digit of 1453?
3
What is the units digit of 1161?
1
What is the tens digit of 9942?
4
What is the units digit of 1984?
4
What is the thousands digit of 76340?
6
What is the hundreds digit of 42409?
4
What is the units digit of 2052?
2
What is the hundreds digit of 462?
4
What is the hundreds digit of 86638?
6
What is the thousands digit of 3292?
3
What is the thousands digit of 37253?
7
What is the units digit of 20322?
2
What is the hundreds digit of 476?
4
What is the units digit of 542?
2
What is the tens digit of 3530?
3
What is the tens digit of 6795?
9
What is the units digit of 8697?
7
What is the units digit of 5651?
1
What is the units digit of 5030?
0
What is the thousands digit of 13493?
3
What is the tens digit of 361?
6
What is the units digit of 152071?
1
What is the units digit of 62?
2
What is the hundreds digit of 4436?
4
What is the tens digit of 590?
9
What is the tens digit of 9695?
9
What is the hundreds digit of 4307?
3
What is the tens digit of 2289?
8
What is the ten thousands digit of 12892?
1
What is the units digit of 146?
6
What is the units digit of 4168?
8
What is the tens digit of 908?
0
What is the units digit of 2382?
2
What is the tens digit of 714?
1
What is the tens digit of 9942?
4
What is the thousands digit of 12480?
2
What is the ten thousands digit of 61471?
6
What is the units digit of 288?
8
What is the hundreds digit of 1643?
6
What is the hundreds digit of 24310?
3
What is the ten thousands digit of 40574?
4
What is the ten thousands digit of 31960?
3
What is the units digit of 88071?
1
What is the units digit of 664?
4
What is the tens digit of 10447?
4
What is the ten thousands digit of 18104?
1
What is the tens digit of 37133?
3
What is the tens digit of 7478?
7
What is the ten thousands digit of 18451?
1
What is the thousands digit of 22464?
2
What is the tens digit of 1458?
5
What is the units digit of 54093?
3
What is the ten thousands digit of 35455?
3
What is the units digit of 657?
7
What is the units digit of 23471?
1
What is the hundreds digit of 43987?
9
What is the units digit of 639?
9
What is the thousands digit of 2089?
2
What is the units digit of 2604?
4
What is the tens digit of 89113?
1
What is the tens digit of 273?
7
What is the tens digit of 40344?
4
What is the hundreds digit of 8906?
9
What is the hundreds digit of 2714?
7
What is the ten thousands digit of 11906?
1
What is the tens digit of 1414?
1
What is the tens digit of 2681?
8
What is the units digit of 33?
3
What is the tens digit of 1366?
6
What is the hundreds digit of 874?
8
What is the tens digit of 1443?
4
What is the tens digit of 7481?
8
What is the tens digit of 564?
6
What is the tens digit of 2346?
4
What is the tens digit of 821?
2
What is the ten thousands digit of 51008?
5
What is the hundreds digit of 1400?
4
What is the units digit of 1084?
4
What is the thousands digit of 2827?
2
What is the units digit of 16841?
1
What is the hundreds digit of 21607?
6
What is the units digit of 1007?
7
What is the units digit of 1529?
9
What is the units digit of 663?
3
What is the units digit of 2841?
1
What is the thousands digit of 10651?
0
What is the hundreds digit of 4769?
7
What is the tens digit of 1497?
9
What is the hundreds digit of 6063?
0
What is the tens digit of 563?
6
What is the ten thousands digit of 142996?
4
What is the hundreds digit of 11801?
8
What is the tens digit of 1981?
8
What is the thousands digit of 13110?
3
What is the hundreds digit of 46471?
4
What is the tens digit of 3897?
9
What is the tens digit of 893?
9
What is the thousands digit of 9560?
9
What is the tens digit of 3133?
3
What is the ten thousands digit of 11196?
1
What is the tens digit of 601?
0
What is the units digit of 73326?
6
What is the hundreds digit of 2621?
6
What is the units digit of 16812?
2
What is the units digit of 8877?
7
What is the units digit of 1103?
3
What is the units digit of 929?
9
What is the thousands digit of 6672?
6
What is the hundreds digit of 270?
2
What is the hundreds digit of 358?
3
What is the units digit of 78421?
1
What is the hundreds digit of 7912?
9
What is the thousands digit of 2467?
2
What is the units digit of 716?
6
What is the tens digit of 1002?
0
What is the tens digit of 4196?
9
What is the thousands digit of 2453?
2
What is the hundreds digit of 276?
2
What is the units digit of 8224?
4
What is the thousands digit of 53074?
3
What is the thousands digit of 7295?
7
What is the hundreds digit of 7795?
7
What is the units digit of 267?
7
What is the hundreds digit of 8417?
4
What is the units digit of 20637?
7
What is the units digit of 8?
8
What is the tens digit of 1314?
1
What is the hundreds digit of 14918?
9
What is the units digit of 69637?
7
What is the hundreds digit of 38992?
9
What is the units digit of 35826?
6
What is the thousands digit of 10267?
0
What is the thousands digit of 17654?
7
What is the hundreds digit of 4295?
2
What is the thousands digit of 3899?
3
What is the hundreds digit of 2840?
8
What is the hundreds digit of 966?
9
What is the ten thousands digit of 13184?
1
What is the hundreds digit of 8546?
5
What is the hundreds digit of 950?
9
What is the units digit of 2193?
3
What is the thousands digit of 44801?
4
What is the units digit of 873?
3
What is the tens digit of 5255?
5
What is the hundreds digit of 7760?
7
What is the ten thousands digit of 144679?
4
What is the hundreds digit of 1632?
6
What is the units digit of 7869?
9
What is the tens digit of 68399?
9
What is the units digit of 5561?
1
What is the hundreds digit of 148?
1
What is the tens digit of 81922?
2
What is the tens digit of 658?
5
What is the units digit of 32804?
4
What is the tens digit of 8965?
6
What is the hundreds digit of 947?
9
What is the hundreds digit of 2968?
9
What is the thousands digit of 1990?
1
What is the thousands digit of 3486?
3
What is the thousands digit of 134118?
4
What is the tens digit of 1442?
4
What is the tens digit of 9765?
6
What is the hundreds digit of 96821?
8
What is the thousands digit of 10330?
0
What is the tens digit of 314?
1
What is the hundreds digit of 8518?
5
What is the tens digit of 5022?
2
What is the hundreds digit of 1012?
0
What is the hundreds digit of 7814?
8
What is the thousands digit of 2080?
2
What is the tens digit of 5999?
9
What is the thousands digit of 1363?
1
What is the tens digit of 7024?
2
What is the tens digit of 10439?
3
What is the hundreds digit of 142?
1
What is the ten thousands digit of 54207?
5
What is the hundreds digit of 91005?
0
What is the ten thousands digit of 66454?
6
What is the units digit of 66?
6
What is the tens digit of 9280?
8
What is the ten thousands digit of 29680?
2
What is the units digit of 5549?
9
What is the ten thousands digit of 15596?
1
What is the hundreds digit of 4623?
6
What is the tens digit of 34163?
6
What is the hundreds digit of 8950?
9
What is the ten thousands digit of 11858?
1
What is the units digit of 744?
4
What is the thousands digit of 11895?
1
What is the hundreds digit of 14102?
1
What is the hundreds digit of 4526?
5
What is the tens digit of 1043?
4
What is the thousands digit of 10326?
0
What is the units digit of 20045?
5
What is the hundreds digit of 37046?
0
What is the ten thousands digit of 36765?
3
What is the thousands digit of 10373?
0
What is the hundreds digit of 896?
8
What is the thousands digit of 36678?
6
What is the tens digit of 240?
4
What is the units digit of 50?
0
What is the hundreds digit of 21054?
0
What is the tens digit of 9645?
4
What is the thousands digit of 38218?
8
What is the units digit of 102?
2
What is the hundreds digit of 15418?
4
What is the tens digit of 8554?
5
What is the tens digit of 5460?
6
What is the tens digit of 78772?
7
What is the hundreds digit of 6958?
9
What is the tens digit of 5560?
6
What is the hundreds digit of 1225?
2
What is the ten thousands digit of 86403?
8
What is the units digit of 1623?
3
What is the tens digit of 10963?
6
What is the tens digit of 970?